{"id":45433,"date":"2016-12-06T16:32:17","date_gmt":"2016-12-06T15:32:17","guid":{"rendered":"https:\/\/www.gartenhaus.com\/magazin\/agb-gewinnspiel\/"},"modified":"2025-05-23T09:04:46","modified_gmt":"2025-05-23T07:04:46","slug":"agb-gewinnspiel","status":"publish","type":"page","link":"https:\/\/www.gartenhaus.ch\/magazin\/agb-gewinnspiel\/","title":{"rendered":"AGB Gewinnspiele, Fotowettbewerbe und -einsendungen"},"content":{"rendered":"<h2>AGB Gewinnspiele A-Z Gartenhaus GmbH<\/h2>\n<p>++++++++++++++++++++++++++++++++++++++++++++++++++++++++++++++++++++++++<\/p>\n<p class=\"intro\">AGB f\u00fcr Gewinnspiele, Fotowettbewerbe und -einsendungen im Magazin der A-Z Gartenhaus GmbH<\/p>\n<h2 class=\"beam-me-up-title\">Teilnahmebedingungen zum GH Award Fotowettbewerb<\/h2>\n<div class=\"richtext\">\n<ul class=\"normal-list\">\n<li>Der Teilnehmer erkl\u00e4rt ausdr\u00fccklich Urheber (Fotograf) der eingesandten Bilder und Inhaber der ausschlie\u00dflichen Nutzungs- und Verwertungsrechte an den Bildern zu sein. Mit der \u00dcbersendung der Bilder r\u00e4umt er der A-Z Gartenhaus GmbH ein ausschlie\u00dfliches, r\u00e4umlich und zeitlich unbeschr\u00e4nktes Nutzungsrecht ein. Die Rechteeinr\u00e4umung erfolgt insbesondere jedoch nicht abschlie\u00dfend f\u00fcr die Online-Nutzung auf der Website, f\u00fcr Social Media (u.a. Facebook, Instagram, Pinterest), Werbung (on- und offline), Printanzeigen und \u2013flyer sowie f\u00fcr Pressebeitr\u00e4ge. Eine Urhebernennung bzw. Quellenangabe hat durch die A-Z Gartenhaus GmbH nicht zu erfolgen. Die Rechteeinr\u00e4umung erfolgt unentgeltlich und nicht exklusiv, d.h. der Teilnehmer darf das Bild auch selbst weiterverwenden. Sollten Dritte Anspr\u00fcche wegen Verletzung eigener Rechte geltend machen, so stellt der Teilnehmer die A-Z Gartenhaus GmbH von allen Anspr\u00fcchen frei und \u00fcbernimmt die notwendigen Kosten der Rechtsverteidigung.<\/li>\n<li>Der Teilnehmer erkl\u00e4rt sich ausdr\u00fccklich damit einverstanden, dass die von ihm\/ihr gemachten Formular-Angaben unter &#171;Bitte verraten Sie uns noch einige Hintergrundinformationen zu Ihren Fotos.&#187; und &#171;Ihre Meinung zur GartenHaus GmbH \/ zu Gartenhaus.com?&#187; von der A-Z Gartenhaus GmbH insbesondere, jedoch nicht abschlie\u00dfend, f\u00fcr die Online-Nutzung auf der Website, f\u00fcr Social Media (u.a. Facebook, Instagram, Pinterest), Werbung (on- und offline), Printanzeigen und \u2013flyer sowie f\u00fcr Pressebeitr\u00e4ge genutzt werden darf. Eine Urhebernennung bzw. Quellenangabe hat durch die A-Z Gartenhaus GmbH nicht zu erfolgen. Die Rechteeinr\u00e4umung erfolgt unentgeltlich.<\/li>\n<li>Teilnahmeberechtigt sind vollj\u00e4hrige Personen. Minderj\u00e4hrige sind von der Teilnahme ausgeschlossen.<\/li>\n<li>Mitarbeiter der A-Z Gartenhaus GmbH sind von der Teilnahme ausgeschlossen.<\/li>\n<li>Der\/Die Gewinner wird\/werden von der A-Z Gartenhaus GmbH per E-Mail benachrichtigt.<\/li>\n<li>Der Anspruch auf den Gewinn kann nicht an Dritte abgetreten werden.<\/li>\n<li>Vom Gewinnspiel ausgeschlossen sind\u00a0Bilder, die keinen Bezug zum Thema des Gewinnspiels aufweisen. Gleiches gilt f\u00fcr Bilder, die rassistischen, pornografischen oder gegen die guten Sitten versto\u00dfenden Inhalts sind.<\/li>\n<\/ul>\n<\/div>\n<div class=\"shariff shariff-align-center shariff-widget-align-flex-start\" style=\"display:none\" data-services=\"facebook%7Cpinterest\" data-url=\"https%3A%2F%2Fwww.gartenhaus.ch%2Fmagazin%2Fagb-gewinnspiel%2F\" data-timestamp=\"1747991086\" data-hidezero=\"1\" data-backendurl=\"https:\/\/www.gartenhaus.ch\/magazin\/wp-json\/shariff\/v1\/share_counts?\"><div class=\"ShariffHeadline\">Teile diesen Beitrag<\/div><ul class=\"shariff-buttons theme-white orientation-horizontal buttonsize-medium\"><li class=\"shariff-button facebook shariff-nocustomcolor\" style=\"background-color:#4273c8\"><a href=\"https:\/\/www.facebook.com\/sharer\/sharer.php?u=https%3A%2F%2Fwww.gartenhaus.ch%2Fmagazin%2Fagb-gewinnspiel%2F\" title=\"Bei Facebook teilen\" aria-label=\"Bei Facebook teilen\" role=\"button\" rel=\"nofollow\" class=\"shariff-link\" style=\"; background-color:#3b5998; color:#3b5998\" target=\"_blank\"><span class=\"shariff-icon\" style=\"fill:#3b5998\"><svg width=\"32px\" height=\"20px\" xmlns=\"http:\/\/www.w3.org\/2000\/svg\" viewBox=\"0 0 18 32\"><path fill=\"#3b5998\" d=\"M17.1 0.2v4.7h-2.8q-1.5 0-2.1 0.6t-0.5 1.9v3.4h5.2l-0.7 5.3h-4.5v13.6h-5.5v-13.6h-4.5v-5.3h4.5v-3.9q0-3.3 1.9-5.2t5-1.8q2.6 0 4.1 0.2z\"\/><\/svg><\/span><span class=\"shariff-text\" style=\"color:#3b5998\">teilen<\/span>&nbsp;<span data-service=\"facebook\" style=\"color:#3b5998\" class=\"shariff-count shariff-hidezero\"><\/span>&nbsp;<\/a><\/li><li class=\"shariff-button twitter shariff-nocustomcolor\" style=\"background-color:#595959\"><a href=\"https:\/\/twitter.com\/share?url=https%3A%2F%2Fwww.gartenhaus.ch%2Fmagazin%2Fagb-gewinnspiel%2F&text=AGB%20Gewinnspiele%2C%20Fotowettbewerbe%20und%20-einsendungen\" title=\"Bei X teilen\" aria-label=\"Bei X teilen\" role=\"button\" rel=\"noopener nofollow\" class=\"shariff-link\" style=\"; background-color:#000; color:#000\" target=\"_blank\"><span class=\"shariff-icon\" style=\"fill:#000\"><svg width=\"32px\" height=\"20px\" xmlns=\"http:\/\/www.w3.org\/2000\/svg\" viewBox=\"0 0 24 24\"><path fill=\"#000\" d=\"M14.258 10.152L23.176 0h-2.113l-7.747 8.813L7.133 0H0l9.352 13.328L0 23.973h2.113l8.176-9.309 6.531 9.309h7.133zm-2.895 3.293l-.949-1.328L2.875 1.56h3.246l6.086 8.523.945 1.328 7.91 11.078h-3.246zm0 0\"\/><\/svg><\/span><span class=\"shariff-text\" style=\"color:#000\">teilen<\/span>&nbsp;<\/a><\/li><li class=\"shariff-button pinterest shariff-nocustomcolor\" style=\"background-color:#e70f18\"><a href=\"https:\/\/www.pinterest.com\/pin\/create\/link\/?url=https%3A%2F%2Fwww.gartenhaus.ch%2Fmagazin%2Fagb-gewinnspiel%2F&media=https%3A%2F%2Fwww.gartenhaus.ch%2Fmagazin%2Fwp-content%2Fplugins%2Fshariff%2Fimages%2FdefaultHint.png&description=AGB%20Gewinnspiele%2C%20Fotowettbewerbe%20und%20-einsendungen\" title=\"Bei Pinterest pinnen\" aria-label=\"Bei Pinterest pinnen\" role=\"button\" rel=\"noopener nofollow\" class=\"shariff-link\" style=\"; background-color:#cb2027; color:#cb2027\" target=\"_blank\"><span class=\"shariff-icon\" style=\"fill:#cb2027\"><svg width=\"32px\" height=\"20px\" xmlns=\"http:\/\/www.w3.org\/2000\/svg\" viewBox=\"0 0 27 32\"><path fill=\"#cb2027\" d=\"M27.4 16q0 3.7-1.8 6.9t-5 5-6.9 1.9q-2 0-3.9-0.6 1.1-1.7 1.4-2.9 0.2-0.6 1-3.8 0.4 0.7 1.3 1.2t2 0.5q2.1 0 3.8-1.2t2.7-3.4 0.9-4.8q0-2-1.1-3.8t-3.1-2.9-4.5-1.2q-1.9 0-3.5 0.5t-2.8 1.4-2 2-1.2 2.3-0.4 2.4q0 1.9 0.7 3.3t2.1 2q0.5 0.2 0.7-0.4 0-0.1 0.1-0.5t0.2-0.5q0.1-0.4-0.2-0.8-0.9-1.1-0.9-2.7 0-2.7 1.9-4.6t4.9-2q2.7 0 4.2 1.5t1.5 3.8q0 3-1.2 5.2t-3.1 2.1q-1.1 0-1.7-0.8t-0.4-1.9q0.1-0.6 0.5-1.7t0.5-1.8 0.2-1.4q0-0.9-0.5-1.5t-1.4-0.6q-1.1 0-1.9 1t-0.8 2.6q0 1.3 0.4 2.2l-1.8 7.5q-0.3 1.2-0.2 3.2-3.7-1.6-6-5t-2.3-7.6q0-3.7 1.9-6.9t5-5 6.9-1.9 6.9 1.9 5 5 1.8 6.9z\"\/><\/svg><\/span><span class=\"shariff-text\" style=\"color:#cb2027\">merken<\/span>&nbsp;<span data-service=\"pinterest\" style=\"color:#cb2027\" class=\"shariff-count shariff-hidezero\"><\/span>&nbsp;<\/a><\/li><li class=\"shariff-button whatsapp shariff-nocustomcolor\" style=\"background-color:#5cbe4a\"><a href=\"https:\/\/api.whatsapp.com\/send?text=https%3A%2F%2Fwww.gartenhaus.ch%2Fmagazin%2Fagb-gewinnspiel%2F%20AGB%20Gewinnspiele%2C%20Fotowettbewerbe%20und%20-einsendungen\" title=\"Bei Whatsapp teilen\" aria-label=\"Bei Whatsapp teilen\" role=\"button\" rel=\"noopener nofollow\" class=\"shariff-link\" style=\"; background-color:#34af23; color:#34af23\" target=\"_blank\"><span class=\"shariff-icon\" style=\"fill:#34af23\"><svg width=\"32px\" height=\"20px\" xmlns=\"http:\/\/www.w3.org\/2000\/svg\" viewBox=\"0 0 32 32\"><path fill=\"#34af23\" d=\"M17.6 17.4q0.2 0 1.7 0.8t1.6 0.9q0 0.1 0 0.3 0 0.6-0.3 1.4-0.3 0.7-1.3 1.2t-1.8 0.5q-1 0-3.4-1.1-1.7-0.8-3-2.1t-2.6-3.3q-1.3-1.9-1.3-3.5v-0.1q0.1-1.6 1.3-2.8 0.4-0.4 0.9-0.4 0.1 0 0.3 0t0.3 0q0.3 0 0.5 0.1t0.3 0.5q0.1 0.4 0.6 1.6t0.4 1.3q0 0.4-0.6 1t-0.6 0.8q0 0.1 0.1 0.3 0.6 1.3 1.8 2.4 1 0.9 2.7 1.8 0.2 0.1 0.4 0.1 0.3 0 1-0.9t0.9-0.9zM14 26.9q2.3 0 4.3-0.9t3.6-2.4 2.4-3.6 0.9-4.3-0.9-4.3-2.4-3.6-3.6-2.4-4.3-0.9-4.3 0.9-3.6 2.4-2.4 3.6-0.9 4.3q0 3.6 2.1 6.6l-1.4 4.2 4.3-1.4q2.8 1.9 6.2 1.9zM14 2.2q2.7 0 5.2 1.1t4.3 2.9 2.9 4.3 1.1 5.2-1.1 5.2-2.9 4.3-4.3 2.9-5.2 1.1q-3.5 0-6.5-1.7l-7.4 2.4 2.4-7.2q-1.9-3.2-1.9-6.9 0-2.7 1.1-5.2t2.9-4.3 4.3-2.9 5.2-1.1z\"\/><\/svg><\/span><span class=\"shariff-text\" style=\"color:#34af23\">teilen<\/span>&nbsp;<\/a><\/li><li class=\"shariff-button rss shariff-nocustomcolor\" style=\"background-color:#ff8c00\"><a href=\"\/magazin\/feed\/\" title=\"RSS-feed\" aria-label=\"RSS-feed\" role=\"button\" class=\"shariff-link\" style=\"; background-color:#fe9312; color:#fe9312\" target=\"_blank\"><span class=\"shariff-icon\" style=\"fill:#fe9312\"><svg width=\"32px\" height=\"20px\" xmlns=\"http:\/\/www.w3.org\/2000\/svg\" viewBox=\"0 0 32 32\"><path fill=\"#fe9312\" d=\"M4.3 23.5c-2.3 0-4.3 1.9-4.3 4.3 0 2.3 1.9 4.2 4.3 4.2 2.4 0 4.3-1.9 4.3-4.2 0-2.3-1.9-4.3-4.3-4.3zM0 10.9v6.1c4 0 7.7 1.6 10.6 4.4 2.8 2.8 4.4 6.6 4.4 10.6h6.2c0-11.7-9.5-21.1-21.1-21.1zM0 0v6.1c14.2 0 25.8 11.6 25.8 25.9h6.2c0-17.6-14.4-32-32-32z\"\/><\/svg><\/span><span class=\"shariff-text\" style=\"color:#fe9312\">RSS-feed<\/span>&nbsp;<\/a><\/li><li class=\"shariff-button mailto shariff-nocustomcolor\" style=\"background-color:#a8a8a8\"><a href=\"mailto:?body=https%3A%2F%2Fwww.gartenhaus.ch%2Fmagazin%2Fagb-gewinnspiel%2F&subject=AGB%20Gewinnspiele%2C%20Fotowettbewerbe%20und%20-einsendungen\" title=\"Per E-Mail versenden\" aria-label=\"Per E-Mail versenden\" role=\"button\" rel=\"noopener nofollow\" class=\"shariff-link\" style=\"; background-color:#999; color:#999\"><span class=\"shariff-icon\" style=\"fill:#999\"><svg width=\"32px\" height=\"20px\" xmlns=\"http:\/\/www.w3.org\/2000\/svg\" viewBox=\"0 0 32 32\"><path fill=\"#999\" d=\"M32 12.7v14.2q0 1.2-0.8 2t-2 0.9h-26.3q-1.2 0-2-0.9t-0.8-2v-14.2q0.8 0.9 1.8 1.6 6.5 4.4 8.9 6.1 1 0.8 1.6 1.2t1.7 0.9 2 0.4h0.1q0.9 0 2-0.4t1.7-0.9 1.6-1.2q3-2.2 8.9-6.1 1-0.7 1.8-1.6zM32 7.4q0 1.4-0.9 2.7t-2.2 2.2q-6.7 4.7-8.4 5.8-0.2 0.1-0.7 0.5t-1 0.7-0.9 0.6-1.1 0.5-0.9 0.2h-0.1q-0.4 0-0.9-0.2t-1.1-0.5-0.9-0.6-1-0.7-0.7-0.5q-1.6-1.1-4.7-3.2t-3.6-2.6q-1.1-0.7-2.1-2t-1-2.5q0-1.4 0.7-2.3t2.1-0.9h26.3q1.2 0 2 0.8t0.9 2z\"\/><\/svg><\/span><span class=\"shariff-text\" style=\"color:#999\">E-Mail<\/span>&nbsp;<\/a><\/li><\/ul><\/div>","protected":false},"excerpt":{"rendered":"<p>AGB Gewinnspiele A-Z Gartenhaus GmbH ++++++++++++++++++++++++++++++++++++++++++++++++++++++++++++++++++++++++ AGB f\u00fcr Gewinnspiele, Fotowettbewerbe und -einsendungen im Magazin der A-Z Gartenhaus GmbH Teilnahmebedingungen zum GH Award Fotowettbewerb Der Teilnehmer erkl\u00e4rt ausdr\u00fccklich Urheber (Fotograf) der eingesandten Bilder und Inhaber der ausschlie\u00dflichen Nutzungs- und Verwertungsrechte an den Bildern zu sein. Mit der \u00dcbersendung der Bilder r\u00e4umt er der A-Z Gartenhaus GmbH [&hellip;]<\/p>\n","protected":false},"author":2,"featured_media":0,"parent":0,"menu_order":0,"comment_status":"closed","ping_status":"closed","template":"","meta":{"footnotes":""},"class_list":["post-45433","page","type-page","status-publish","hentry"],"yoast_head":"<!-- This site is optimized with the Yoast SEO Premium plugin v15.0 - https:\/\/yoast.com\/wordpress\/plugins\/seo\/ -->\n<title>AGB Gewinnspiel<\/title>\n<meta name=\"description\" content=\"Die AGB f\u00fcr Gewinnspiele und Fotoaktionen im Magazin der A-Z Gartenhaus GmbH.\" \/>\n<meta name=\"robots\" content=\"index, follow, max-snippet:-1, max-image-preview:large, max-video-preview:-1\" \/>\n<link rel=\"canonical\" href=\"https:\/\/www.gartenhaus.ch\/magazin\/agb-gewinnspiel\/\" \/>\n<meta property=\"og:locale\" content=\"de_DE\" \/>\n<meta property=\"og:type\" content=\"article\" \/>\n<meta property=\"og:title\" content=\"AGB Gewinnspiel\" \/>\n<meta property=\"og:description\" content=\"Die AGB f\u00fcr Gewinnspiele und Fotoaktionen im Magazin der A-Z Gartenhaus GmbH.\" \/>\n<meta property=\"og:url\" content=\"https:\/\/www.gartenhaus.ch\/magazin\/agb-gewinnspiel\/\" \/>\n<meta property=\"og:site_name\" content=\"Gartenhaus.com Magazin\" \/>\n<meta property=\"article:modified_time\" content=\"2025-05-23T07:04:46+00:00\" \/>\n<meta name=\"twitter:card\" content=\"summary\" \/>\n<script type=\"application\/ld+json\" class=\"yoast-schema-graph\">{\"@context\":\"https:\/\/schema.org\",\"@graph\":[{\"@type\":\"WebSite\",\"@id\":\"https:\/\/www.gartenhaus.ch\/magazin\/#website\",\"url\":\"https:\/\/www.gartenhaus.ch\/magazin\/\",\"name\":\"Gartenhaus.com Magazin\",\"description\":\"Dein Onlineshop rund um das Gartenhaus\",\"potentialAction\":[{\"@type\":\"SearchAction\",\"target\":\"https:\/\/www.gartenhaus.ch\/magazin\/?s={search_term_string}\",\"query-input\":\"required name=search_term_string\"}],\"inLanguage\":\"de-CH\"},{\"@type\":\"WebPage\",\"@id\":\"https:\/\/www.gartenhaus.ch\/magazin\/agb-gewinnspiel\/#webpage\",\"url\":\"https:\/\/www.gartenhaus.ch\/magazin\/agb-gewinnspiel\/\",\"name\":\"AGB Gewinnspiel\",\"isPartOf\":{\"@id\":\"https:\/\/www.gartenhaus.ch\/magazin\/#website\"},\"datePublished\":\"2016-12-06T15:32:17+00:00\",\"dateModified\":\"2025-05-23T07:04:46+00:00\",\"description\":\"Die AGB f\\u00fcr Gewinnspiele und Fotoaktionen im Magazin der A-Z Gartenhaus GmbH.\",\"inLanguage\":\"de-CH\",\"potentialAction\":[{\"@type\":\"ReadAction\",\"target\":[\"https:\/\/www.gartenhaus.ch\/magazin\/agb-gewinnspiel\/\"]}]}]}<\/script>\n<!-- \/ Yoast SEO Premium plugin. -->","_links":{"self":[{"href":"https:\/\/www.gartenhaus.ch\/magazin\/wp-json\/wp\/v2\/pages\/45433","targetHints":{"allow":["GET"]}}],"collection":[{"href":"https:\/\/www.gartenhaus.ch\/magazin\/wp-json\/wp\/v2\/pages"}],"about":[{"href":"https:\/\/www.gartenhaus.ch\/magazin\/wp-json\/wp\/v2\/types\/page"}],"author":[{"embeddable":true,"href":"https:\/\/www.gartenhaus.ch\/magazin\/wp-json\/wp\/v2\/users\/2"}],"replies":[{"embeddable":true,"href":"https:\/\/www.gartenhaus.ch\/magazin\/wp-json\/wp\/v2\/comments?post=45433"}],"version-history":[{"count":0,"href":"https:\/\/www.gartenhaus.ch\/magazin\/wp-json\/wp\/v2\/pages\/45433\/revisions"}],"wp:attachment":[{"href":"https:\/\/www.gartenhaus.ch\/magazin\/wp-json\/wp\/v2\/media?parent=45433"}],"curies":[{"name":"wp","href":"https:\/\/api.w.org\/{rel}","templated":true}]}}